?
14462
In base 6, what is 115 - 5?
110
In base 6, what is -201 + -15?
-220
In base 4, what is -3 + 21121?
21112
In base 15, what is -200 - 2?
-202
In base 13, what is -3 - 300?
-303
In base 9, what is -2 + 0?
-2
In base 4, what is 3002232 + -1?
3002231
In base 12, what is 206a - 3?
2067
In base 5, what is 2 - 342?
-340
In base 4, what is -10 + -1020?
-1030
In base 15, what is 3 - -31?
34
In base 10, what is -13 - 4?
-17
In base 11, what is -16 + 13?
-3
In base 15, what is 11a - -18?
133
In base 7, what is -4531 + 2?
-4526
In base 5, what is 22 - 1?
21
In base 15, what is -546 + -1?
-547
In base 9, what is -3 - -1740?
1736
In base 13, what is -3 - -2255?
2252
In base 7, what is 5 + 4356?
4364
In base 10, what is -28 - -31?
3
In base 2, what is -11 + -11010110?
-11011001
In base 14, what is 7 + -54?
-4b
In base 5, what is -4023 - 121?
-4144
In base 9, what is 548 + 5?
554
In base 4, what is 201 - 12312?
-12111
In base 12, what is -1 + -167?
-168
In base 11, what is 73 + -7?
67
In base 13, what is -3 - -34?
31
In base 10, what is -114 - -7?
-107
In base 4, what is -3 + -11211?
-11220
In base 15, what is -b + a?
-1
In base 7, what is -424 - 155?
-612
In base 13, what is 1 - ab?
-aa
In base 15, what is 1 - 629?
-628
In base 7, what is -2 - 553?
-555
In base 13, what is -1 + -20?
-21
In base 13, what is -c13 + 0?
-c13
In base 11, what is -35 - 0?
-35
In base 8, what is -5334 + -11?
-5345
In base 10, what is 464 - -4?
468
In base 3, what is -2 + -111012?
-111021
In base 13, what is -2 + 6b?
69
In base 6, what is -1043 - 1?
-1044
In base 2, what is -101111001 + 1011?
-101101110
In base 9, what is 234 - 1?
233
In base 10, what is 162 + 5?
167
In base 9, what is -30 + 23?
-6
In base 11, what is -3 + 11a?
117
In base 12, what is 6a + 9b?
149
In base 10, what is -49 - -3?
-46
In base 2, what is -1010101001101000 - 10?
-1010101001101010
In base 2, what is 11 - 101011101?
-101011010
In base 15, what is -3 - 6?
-9
In base 2, what is -100001010000 - 1?
-100001010001
In base 4, what is 3 + 310103?
310112
In base 12, what is 330 + 5?
335
In base 7, what is -3 - 6545?
-6551
In base 3, what is 1210 - -2?
1212
In base 3, what is 12002 - 1101?
10201
In base 6, what is 32 + 13?
45
In base 13, what is 663 + -2?
661
In base 5, what is 3 - -13012?
13020
In base 2, what is -11101110 + 10?
-11101100
In base 13, what is 4c - -14?
63
In base 2, what is 1011 - -100?
1111
In base 10, what is -5 - 852?
-857
In base 8, what is -3 + 12711?
12706
In base 10, what is -424 - 11?
-435
In base 16, what is 2a - 2?
28
In base 11, what is -3953 + 4?
-394a
In base 9, what is -1200 - -3?
-1186
In base 2, what is -1 - -1111100000?
1111011111
In base 9, what is -20 + 4?
-15
In base 16, what is -2 + 14c?
14a
In base 4, what is -10 + -322?
-332
In base 2, what is 101 - -110000?
110101
In base 5, what is 2 + 342?
344
In base 15, what is 2 + 33?
35
In base 10, what is 11 - -56?
67
In base 2, what is 10010 - 0?
10010
In base 10, what is -2 + -8?
-10
In base 15, what is -5c + 0?
-5c
In base 12, what is -13 - 1?
-14
In base 6, what is -3 - 12204?
-12211
In base 9, what is -28576 + 5?
-28571
In base 16, what is 67 + 0?
67
In base 10, what is 10 + -783?
-773
In base 9, what is 1 + -247?
-246
In base 15, what is 1b + 8a?
a6
In base 10, what is 0 + -1431?
-1431
In base 2, what is 101110010000 - -10?
101110010010
In base 6, what is 300 + -14?
242
In base 10, what is -1100 - -15?
-1085
In base 11, what is -511 + -5?
-516
In base 5, what is -43 - 103?
-201
In base 3, what is -11 - 1011001?
-1011012
In base 10, what is 84 + 122?
206
In base 3, what is 22011 - 11?
22000
In base 11, what is -529 + -4?
-532
In base 12, what is 273 - 15?
25a
In base 15, what is -2 - -c1?
be
In base 12, what is 4 - 2a?
-26
In base 2, what is 10001011 - 1110?
1111101
In base 10, what is -18 + 1?
-17
In base 10, what is 119 - -7?
126
In base 12, what is b2 + 2?
b4
In base 3, what is -2 + 101221?
101212
In base 8, what is -115 + -4?
-121
In base 5, what is -1 + 121?
120
In base 11, what is 417 - 3?
414
In base 10, what is 7 - 4?
3
In base 16, what is -2553 - -3?
-2550
In base 4, what is -10030010 - -1?
-10030003
In base 16, what is -a5 - d?
-b2
In base 14, what is 5 - 5b?
-56
In base 9, what is -157 + 2?
-155
In base 14, what is -29 - -4?
-25
In base 15, what is 6b - -7?
73
In base 7, what is -1003 - -35?
-635
In base 2, what is 100111010010 + -1?
100111010001
In base 6, what is 10123 - 1?
10122
In base 13, what is 3 + 109?
10c
In base 8, what is 52 + -3?
47
In base 2, what is 1 - -101000?
101001
In base 15, what is -3c + 5?
-37
In base 16, what is ccf + -2?
ccd
In base 7, what is 2634 - -2?
2636
In base 8, what is 3164 + -3?
3161
In base 7, what is -2 - -3550?
3545
In base 7, what is -403 - -14?
-356
In base 6, what is -3 + -230?
-233
In base 14, what is -3 + -2?
-5
In base 6, what is -10 - -243?
233
In base 10, what is -4 + 1503?
1499
In base 10, what is 352 - -4?
356
In base 12, what is -38 + -4?
-40
In base 15, what is 2 - 1497?
-1495
In base 9, what is 70 - 8?
61
In base 13, what is -5 - 1477?
-147c
In base 16, what is -6 - 44e?
-454
In base 15, what is -105a + 5?
-1055
In base 8, what is -724 - 3?
-727
In base 3, what is 1 - 102210?
-102202
In base 3, what is -12220 + 12?
-12201
In base 5, what is -142 - 4?
-201
In base 12, what is 13 - 53b?
-528
In base 11, what is -1 + -27?
-28
In base 6, what is 0 - 131?
-131
In base 14, what is 2 - -31b1?
31b3
In base 3, what is -21 - 221?
-1012
In base 15, what is 8c + 2?
8e
In base 12, what is -1829 - -2?
-1827
In base 5, what is -44244 - -4?
-44240
In base 2, what is -1001000 + -100?
-1001100
In base 14, what is aa - 6?
a4
In base 5, what is -10414 + -4?
-10423
In base 12, what is -7 + -40b?
-416
In base 16, what is -2991 + -1?
-2992
In base 9, what is 7513 - 0?
7513
In base 4, what is -1 + -1120012?
-1120013
In base 14, what is 1 + -c?
-b
In base 9, what is -12 - -327?
315
In base 10, what is -3 + 41?
38
In base 2, what is -101001100 - -10?
-101001010
In base 16, what is 7 - 9?
-2
In base 7, what is -25016 - -3?
-25013
In base 12, what is -4 - -1470?
1468
In base 16, what is 3 - -23?
26
In base 11, what is 2586 + 5?
2590
In base 9, what is 71 - -4?
75
In base 13, what is 170 + 13?
183
In base 15, what is 10 - -a?
1a
In base 16, what is 1c85 + 2?
1c87
In base 11, what is -643 - 3?
-646
In base 16, what is 2 - 14?
-12
In base 14, what is -5d + 8?
-55
In base 9, what is -8 - -2341?
2332
In base 11, what is -92 + 57?
-36
In base 3, what is 100021 + 101?
100122
In base 9, what is -213 - -1?
-212
In base 7, what is 3 + -5?
-2
In base 7, what is 0 + -1003?
-1003
In base 2, what is -10011 - -1001?
-1010
In base 7, what is 3 + -23?
-20
In base 11, what is 3 - -11a?
122
In base 11, what is -12 - 394?
-3a6
In base 3, what is 0 - 1102?
-1102
In base 13, what is 6 + -b0?
-a7
In base 12, what is 15a - -5?
163
In base 3, what is 2100 - -12?
2112
In base 8, what is -1 + -3005?
-3006
In base 16, what is 690 + -2?
68e
In base 7, what is -205 - 1?
-206
In base 5, what is -2 - 3?
-10
In base 5, what is 21 + 2213?
2234
In base 11, what is 0 + -2aa?
-2aa
In base 8, what is 2765 + -12?
2753
In base 2, what is 11011001101 - -101?
11011010010
In base 9, what is 0 - 366?
-366
In base 12, what is 56b + -1?
56a
In base 8, what is 3 + -226?
-223
In base 6, what is -50 + -24?
-114
In base 13, what is -4 - -1230?
1229
In base 12, what is 8 + 13?
1b
In base 4, what is -2023 - 3?
-2032
In base 9, what is -416 - 56?
-473
In base 15, what is -16 + -7?
-1d
In base 5, what is -4 - 43341?
-43400
In base 11, what is -1 - 80?
-81
In base 12, what is -1 + 17b5?
17b4
In base 4, what is -33 - 232?
-331
In base 3, what is 101 - 111?
-10
In base 15, what is de9 + -4?
de5
In base 6, what is -3 + 1133?
1130
In base 16, what is -28 - 2?
-2a
In base 5, what is 43 - -30?
123
In base 12, what is 29 - 4?
25
In base 6, what is 14 + 22?
40
In base 6, what is -310 - -4?
-302
In base 14, what is 33 - 38?
-5
In base 2, what is 100 + -1010011110?
-1010011010
In base 9, what is -438 - 62?
-511
In base 16, what is -1fc - -1?
-1fb
In base 14, what is 2 - 38?
-36
In base 9, what is 76 + 7?
84
In base 11, what is 11419 + 4?
11422
In base 9, what is 18 - 24?
-5
In base 12, what is -5 - -7?
2
In base 11, what is -1 - -157?
156
In base 4, w